 is -97d1 + -262?
-9a43
In base 8, what is -202 + 3674653?
3674451
In base 11, what is -82 - 33229?
-33300
In base 12, what is -505670a + -4?
-5056712
In base 16, what is -4 - -806b41?
806b3d
In base 7, what is 260164415 + 1?
260164416
In base 3, what is -1 - 101020002120000?
-101020002120001
In base 2, what is -111111011 + 11011100010010101?
11011011010011010
In base 13, what is 26a72 + c4a?
279bc
In base 11, what is -5 + -101074a?
-1010754
In base 2, what is -101111 + 10100000010111011111?
10100000010110110000
In base 5, what is 11032404002 + 313?
11032404320
In base 7, what is -13532 + 161415?
144553
In base 16, what is 8778c1f - -1?
8778c20
In base 13, what is -2 - -5367a2?
5367a0
In base 2, what is -10100 - -100001001000010110010010?
100001001000010101111110
In base 12, what is -1828 + 26322?
246b6
In base 15, what is -10b + -6e232?
-6e33d
In base 10, what is -682943 + -15?
-682958
In base 11, what is -9600441 + -4?
-9600445
In base 15, what is 282e + -4e71?
-2642
In base 16, what is 9bb - -609?
fc4
In base 14, what is -db50d3 + -5?
-db50d8
In base 8, what is -2770570 + 2?
-2770566
In base 5, what is 1 - 10211333043?
-10211333042
In base 13, what is -5017a8 + 3c?
-501769
In base 9, what is 7460708 - -3?
7460712
In base 15, what is -e2 + -17d25?
-17e17
In base 15, what is -18 - 3819?
-3832
In base 14, what is 2c9 - 491?
-1a6
In base 10, what is 730 + -21736?
-21006
In base 14, what is -7d41078 + 13?
-7d41065
In base 5, what is 42042333 + 4013?
42101401
In base 5, what is 13110430 + 13104?
13124034
In base 16, what is 1dc21 - 156?
1dacb
In base 10, what is 445 + 1746712?
1747157
In base 9, what is 3051 - 474?
2466
In base 7, what is -30 + -1521366256?
-1521366316
In base 5, what is 34432042404 - 3?
34432042401
In base 15, what is -3d1c + 328?
-39e4
In base 6, what is -54221 + 1110130?
1011505
In base 12, what is 2768 - ba82?
-9316
In base 9, what is 26115283 + 3?
26115286
In base 8, what is -123026 + 1362?
-121444
In base 10, what is 76 + -30229?
-30153
In base 5, what is -31311144 + -20?
-31311214
In base 15, what is -1c - 379a5?
-379c2
In base 9, what is -6 - 257361?
-257367
In base 16, what is -372ea + 12?
-372d8
In base 9, what is -166174 - -1017?
-165156
In base 11, what is 95198773 - -3?
95198776
In base 14, what is -1a28b555 - -2?
-1a28b553
In base 8, what is -3 - 2171643?
-2171646
In base 3, what is 10111212001100 + 1?
10111212001101
In base 5, what is -11023212 + 2214?
-11020443
In base 7, what is 4 - -23664231?
23664235
In base 6, what is -3242 - 151544?
-155230
In base 5, what is 22 - 120111204?
-120111132
In base 10, what is -3 - -29685132?
29685129
In base 8, what is 51650 + -1735?
47713
In base 16, what is -3d - -e6b4?
e677
In base 9, what is -225 + -15517?
-15743
In base 15, what is e96880 - -24?
e968a4
In base 2, what is -1110101100011100010 + 100100110?
-1110101011110111100
In base 2, what is -1001100000001000110111001 - -100?
-1001100000001000110110101
In base 11, what is 0 - 22624454?
-22624454
In base 2, what is -100100111011101011011101 + 100100?
-100100111011101010111001
In base 15, what is 132 - -e675?
e7a7
In base 16, what is -c8a642d + -3?
-c8a6430
In base 15, what is -10536 - 9bb7?
-1a1ed
In base 9, what is -4 + -2505427?
-2505432
In base 2, what is -110111110110100101110 - 101?
-110111110110100110011
In base 2, what is 101 + -101110101111110011110010?
-101110101111110011101101
In base 3, what is 2120200 - 221201?
1121222
In base 12, what is b3670 - -7?
b3677
In base 11, what is 4a114a31 + 0?
4a114a31
In base 10, what is 0 - -85000?
85000
In base 12, what is a6198 + -717?
a5681
In base 3, what is -221221122220021 - 0?
-221221122220021
In base 13, what is -2 + -6a45a2c?
-6a45a31
In base 13, what is 324529 - -93?
3245bc
In base 8, what is 464132 - -371?
464523
In base 12, what is -2b987b5 - 3?
-2b987b8
In base 5, what is 31004 - -2203332?
2234341
In base 9, what is -3 - -1415247?
1415244
In base 6, what is -1340015 - 43?
-1340102
In base 7, what is -15353551 - 105?
-15353656
In base 7, what is 36261664 + -115?
36261546
In base 13, what is 146 - 15610?
-15497
In base 16, what is -7545623 + 6?
-754561d
In base 16, what is -13d1 + 21338?
1ff67
In base 13, what is -b + 30cb46?
30cb38
In base 9, what is 363765 + 260?
364135
In base 7, what is -2514 - 1160?
-4004
In base 8, what is 364140 - -2344?
366504
In base 16, what is -1 - -883549?
883548
In base 6, what is 3 - -5540041134?
5540041141
In base 10, what is 1148 - 36447?
-35299
In base 6, what is -102153150 - -4?
-102153142
In base 11, what is 4838990 + -3?
4838988
In base 3, what is -2101121012 - -21201?
-2101022111
In base 3, what is 100222110100120 - 10?
100222110100110
In base 11, what is 577 - -359a?
4066
In base 8, what is -61622 - -256?
-61344
In base 10, what is 8 + 22284?
22292
In base 6, what is 325042231 + 3?
325042234
In base 11, what is 4 + 1864676?
186467a
In base 15, what is c78351 + 2?
c78353
In base 11, what is 845 + 3048?
3892
In base 9, what is -175410 - 443?
-175853
In base 14, what is -2474 + -5b75?
-8209
In base 9, what is 3 + -4227622?
-4227618
In base 4, what is -200 + -31203220?
-31210020
In base 7, what is 1245460 - -101?
1245561
In base 7, what is -13136124 + -106?
-13136233
In base 13, what is 1b2138 + 29?
1b2164
In base 9, what is -2782 + 276?
-2505
In base 15, what is 5cc9 - -397?
6171
In base 8, what is 5203 - 102310?
-75105
In base 14, what is db - b190?
-b093
In base 6, what is -4 + -20544414040?
-20544414044
In base 15, what is -24cb9 + -a4?
-24d6d
In base 15, what is 4a3 - -1511b?
155be
In base 8, what is 10 + -31246174?
-31246164
In base 9, what is -425413 + 24?
-425378
In base 7, what is 2615440 + 612?
2616352
In base 15, what is ba0 - 1d62e?
-1c97e
In base 15, what is 377a7b9 + 5?
377a7be
In base 6, what is 445 + -1340452?
-1340003
In base 2, what is 100010011101111011001100 - 10?
100010011101111011001010
In base 15, what is 917 + -116?
801
In base 7, what is 3062066166 + 3?
3062066202
In base 8, what is -43 - -1117400?
1117335
In base 4, what is -22012021130301 + 10?
-22012021130231
In base 11, what is -10282732 - 12?
-10282744
In base 13, what is -60a715 + -10?
-60a725
In base 14, what is c3 + db79?
dc5c
In base 2, what is -11011001101110101000011 + 111100?
-11011001101110100000111
In base 13, what is -18987c + 20?
-18985c
In base 7, what is -61562063 + -12?
-61562105
In base 13, what is -42 + 1043288?
1043246
In base 11, what is -7032404 - -3?
-7032401
In base 15, what is -28e52223 + 5?
-28e5221d
In base 15, what is -ee636 - -7?
-ee62e
In base 15, what is 139d8 - 6c5a?
bc7d
In base 3, what is -11 - 202020022212?
-202020100000
In base 16, what is a095 - 51?
a044
In base 9, what is 141384 + 26?
141421
In base 13, what is 699b471 + 1?
699b472
In base 16, what is -1 - 40cd87?
-40cd88
In base 2, what is -1000001001110101001 + 1111000?
-1000001001100110001
In base 14, what is -8 + -5b93170?
-5b93178
In base 6, what is -3411 - -11433022?
11425211
In base 2, what is -1000001110101110001010011 - 101110?
-1000001110101110010000001
In base 3, what is -12 - 212020000121120?
-212020000121202
In base 2, what is 10100000 - 11110011000010011?
-11110010101110011
In base 13, what is 1a - -9639baa?
9639bc7
In base 3, what is 1021122 + -1102201112?
-1101102220
In base 16, what is 43270 + -17?
43259
In base 11, what is -82a59a + -41?
-82a630
In base 16, what is 2b + -4ea91?
-4ea66
In base 4, what is -30310103313 - 101?
-30310110020
In base 2, what is 11100011010101 - -10100000000010?
110000011010111
In base 2, what is 100100000000101110 + 11111?
100100000001001101
In base 15, what is c - 2ddc7b4?
-2ddc7a7
In base 15, what is 3 - -13e366c?
13e3670
In base 16, what is 219d7c + -3?
219d79
In base 16, what is -f79 - 36613?
-3758c
In base 12, what is 13011 + 1833?
14844
In base 9, what is -1 - 4124658?
-4124660
In base 3, what is 10202001111 + 22221?
10202101102
In base 9, what is -51 + 5307288?
5307237
In base 9, what is 60664 - 157?
60506
In base 13, what is 13 - -5ccb9b2?
5ccb9c5
In base 6, what is -4 + 414353032?
414353024
In base 3, what is -102110001221 - -20?
-102110001201
In base 14, what is -18d82 - 148d?
-1a431
In base 5, what is 1 + 1243031324?
1243031330
In base 11, what is 6423681 + -9?
6423673
In base 8, what is -3032 - -1170320?
116526